 = -2073. What are the prime factors of k?
3, 139
Let w = -31 + 42. Let b(r) = 3*r**2 - 34*r + 16. Let a be b(w). Suppose 0 = a*i + 5*j - 645, 2*j + 59 - 581 = -4*i. List the prime factors of i.
2, 3, 11
Suppose 4*u + 59 - 35 = 0. What are the prime factors of 1/((-30)/(-7415)) - (-1)/u?
13, 19
Suppose 7*s - 13 = 15. Let g be s/(-30) - (-32052)/90. Suppose -3*c = -g - 400. What are the prime factors of c?
2, 3, 7
Let i(s) = 7*s**2 + 5*s + 7. Let y be i(6). Suppose 4*l - 635 = y. Suppose 3*o - 2*h - 3*h = 222, -2*h = -3*o + l. List the prime factors of o.
79
Let x(c) = 9*c**3 + c**2 - c - 23. Let n be x(5). Let y = 1944 - n. List the prime factors of y.
2, 3, 137
Let n = 67 - 45. Suppose 0 = -7*q - n*q + 16037. List the prime factors of q.
7, 79
Suppose 3*a = -217 - 2. Let s = 59 + a. List the prime factors of -9*((-38)/6 - (s + 14)).
3, 19
Let z(i) be the second derivative of 5*i**4/2 - 4*i**3/3 - 19*i**2/2 + 59*i. List the prime factors of z(-3).
5, 11
Let u be (0 + 99/6)*(7 - 3). Let o = -178 + 338. Let m = u + o. What are the prime factors of m?
2, 113
Suppose p + 12 = -2*g + 3*p, -p + 12 = -4*g. Let y be 2 - 0/(-5 - g). Suppose -3*q + 244 = -q - 2*j, 3*q = -y*j + 351. What are the prime factors of q?
7, 17
Suppose -3*f + 6 = -l + 3*l, 3*l = -f - 5. List the prime factors of 8/l*-153 + -4.
2, 101
Suppose g = -6*y + 5*y - 195, -3*g = 4*y + 785. What are the prime factors of 1632/80*y/(-6)?
2, 5, 17
Suppose -8*i + 19*i = 0. Let n(c) = 29*c**2 - 4*c + 19. Let m be n(5). Suppose 4*y = -o + m, 4*y + y + 5*o - 890 = i. What are the prime factors of y?
2, 7, 13
Let x(r) = 32 - 65 + r**3 + 24 - 16*r + 8*r**2. What are the prime factors of x(4)?
7, 17
Suppose -3*t - 410 = -4*t. Let p = 280 - t. Let d = p + 222. List the prime factors of d.
2, 23
Let l = -191 - -320. Let c be (3/(-8)*-10)/((-6)/96). Let x = l + c. What are the prime factors of x?
3, 23
Let c(d) = 4217*d - 684. What are the prime factors of c(6)?
2, 3, 11, 373
Let w = -101 - -216. Suppose -3*t = 2*j - 313, -j + 2*t = -38 - w. Suppose 0 = 2*v - j - 87. List the prime factors of v.
11
Suppose -3*o - 3575 = 2*h + 3*h, -3*h - 2129 = 5*o. Let z be (h/(-4) + -2)*(-40)/(-25). Suppose -z = 10*d - 12*d. What are the prime factors of d?
2, 71
Suppose 0 = 7*j - 5*j - 4. Suppose 0*h = -3*y + 3*h - 24, j*y + 5*h = -2. List the prime factors of (2 + (-424)/(-6))/((-4)/y).
109
Let z(i) = i**3 - 27*i - 28 + 4*i**2 + 5*i**2 - 6*i**2 + 11*i**2. What are the prime factors of z(-14)?
2, 5, 7
Let p(l) = -3*l - 12*l + 32 - 14 + 9*l**2 - 5. List the prime factors of p(6).
13, 19
Suppose -3*g + 5*d + 10819 = 0, -8600 - 9457 = -5*g + 2*d. Suppose 740 - g = -13*w. List the prime factors of 4*(-3 - 3/((-12)/w)).
11, 19
Let j be 4*5*188/235. List the prime factors of (-391)/14*-10 + j/(-56).
3, 31
Let d be 234/(-24) + (-2)/8 + 0. Let g(u) = -u**3 - 8*u**2 - 4*u - 20. What are the prime factors of g(d)?
2, 5, 11
Let n = 448 - 460. What are the prime factors of ((-242)/(-24) + n/(-48))*9?
3, 31
Let m be 8/((-2)/(-1)) - 58/(-29). Suppose 33 - 9 = m*p. Suppose 5*g + 292 = p*c, 2*g - 9 + 1 = 0. What are the prime factors of c?
2, 3, 13
Let t(a) = 4*a + 15. Let d be (-2 - -8)/((-4)/(-2 - -4)). Let h be t(d). Suppose 187 + 107 = h*g. What are the prime factors of g?
2, 7
Let k be (-1079 + (1 - 2))*3/(-6). Suppose -9*o - 2*y + k = -7*o, -o + 261 = -2*y. List the prime factors of o.
3, 89
Let c(n) be the third derivative of 7*n**4/8 + 151*n**3/6 + n**2 + 21. List the prime factors of c(17).
2, 127
Let a(b) = -592*b + 3328. What are the prime factors of a(5)?
2, 23
Suppose -4*o = 3*l - 208564, 2*o - 112630 = 5*l - 8400. List the prime factors of o.
5, 10427
Let k(d) be the second derivative of 5/12*d**4 - 3*d + 0 - 3*d**2 - 5/6*d**3. List the prime factors of k(-3).
2, 3
Suppose -72*w = -69*w - 21. Let o(f) = -3*f + f**3 - 11 - 13*f + 26 - w + 12*f**2. What are the prime factors of o(-13)?
47
Suppose 6*h - 285 = 741. List the prime factors of (h/(-114))/((-3)/1078).
7, 11
Let r be -46*(2 - 92/8). Suppose -m = -2*m + r. List the prime factors of m.
19, 23
Let d = 44 + -33. Let j(k) = k**2 - 11*k + 14. Let h be j(d). Suppose 3*i - h = 4*g, -2*g - g + 9 = i. List the prime factors of i.
2, 3
List the prime factors of 1*(-3)/(-6)*(14517 + -1).
2, 19, 191
Let q = 8821 - -5898. List the prime factors of q.
41, 359
Suppose 2*c - 5*p = 704, -8*p + 704 = 2*c - 5*p. Let b = c - -177. What are the prime factors of b?
23
Let c = -12518 - -17841. List the prime factors of c.
5323
Let t(l) = 45*l**2 - 24*l - 19. What are the prime factors of t(-10)?
4721
Let h = -719 + 60843. List the prime factors of h.
2, 15031
Let q = 91 - -244. Let y = -202 + q. What are the prime factors of y?
7, 19
Let j = -8551 + 37142. List the prime factors of j.
28591
Suppose -m = -3*m + 4*s + 35048, 5*m - 3*s = 87648. What are the prime factors of m?
2, 3, 487
Suppose 1316978 = 517*p - 1909102. What are the prime factors of p?
2, 3, 5, 13
Suppose 23*c = 20*c - 28404. What are the prime factors of ((-1)/3)/(-10 + (-94674)/c)?
2, 263
Let w = 4661 - 1819. What are the prime factors of w?
2, 7, 29
Suppose 5*i + 11*d = 8*d + 22884, 0 = -4*i + 3*d + 18291. What are the prime factors of i?
3, 5, 61
Suppose 9*d + 24 = 15*d. Suppose -10 = 5*h, -d*c = -5*h - 36 + 6. List the prime factors of ((-532)/c)/((-42)/105).
2, 7, 19
What are the prime factors of (-31652246)/(-902) + (-4)/22?
3, 7, 557
Let n = 16806 - 7779. What are the prime factors of n?
3, 17, 59
Suppose 10*o = 3*o + 196. Let z(t) = -12 + t**2 - o*t + 28*t. What are the prime factors of z(-8)?
2, 13
Suppose 3487*u - 3516*u = -870435. List the prime factors of u.
3, 5, 23, 29
Let l = 120 + -134. What are the prime factors of (21/l)/((-1)/30)?
3, 5
Suppose -3*v = 3*h - 9, 11*v = 7*v + 4. Suppose 0 = -h*z + 331 + 299. List the prime factors of z.
3, 5, 7
Let p(s) = 180*s - 1931. What are the prime factors of p(63)?
97
Let g(q) = -2*q**3 - 7*q**2 + 8*q + 452. List the prime factors of g(-20).
2, 3373
Suppose 11*o - 158 = -114. Suppose o*b + 3*i - 3469 = 0, 3*i = 5*b + 7*i - 4335. What are the prime factors of b?
13, 67
Let s = 47115 - 11174. List the prime factors of s.
127, 283
Let f be (17/(-2) - -7)/((-2)/12). Suppose -3861 = f*l - 22*l. Let z = l - 152. List the prime factors of z.
5, 29
Let x be 5 - (1 - 4 - -5). Suppose -4*v + 514 = x*b, 5*v - 810 = -5*b + 10*v. List the prime factors of b.
2, 83
List the prime factors of ((-988)/342)/((-4)/(-6))*-5901.
7, 13, 281
Suppose 3*k - 5*k = 34066. What are the prime factors of k/(-21) - 58/609?
811
Suppose -4*u - 2*z + 6 = 0, -5*z + 10*z = 4*u - 13. Suppose u*b - 4 = 6*b. What are the prime factors of (-65)/(-15)*(22 + b)?
7, 13
What are the prime factors of ((-6724)/(-12) + (1 - 3 - 1))*6?
2, 11, 19
Let v(b) = -b**3 + 30*b**2 - 31*b + 60. Let j be v(29). Suppose -3*a = j*k - 2287, -2 + 17 = 5*a. List the prime factors of k.
17, 67
Suppose -4*b + 3*b = w - 38, 0 = b - 1. Let l = -32 + w. Suppose s + l = 126. List the prime factors of s.
11
Let f be (-4)/30 + (-986)/255. Let b(u) = -438*u - 127. What are the prime factors of b(f)?
5, 13
Suppose 34*x - 4*z = 39*x - 40018, 2 = z. What are the prime factors of x?
2, 4001
What are the prime factors of (1 + 211)*(-17892)/(-336)?
3, 53, 71
Let u(m) = m**2 - 9*m + 3. Let x be u(9). Let h(j) = 9 + 5 - 16 + x*j**2 + 3*j. What are the prime factors of h(-6)?
2, 11
Let x(f) = 75115*f - 1322. List the prime factors of x(1).
109, 677
Let z = -987 - -991. Let x be ((-18)/4)/((-6)/616). Suppose 4*v = -z*l + 456, 0*v = -4*l + 2*v + x. What are the prime factors of l?
5, 23
List the prime factors of (-20)/(-260) - (-464030)/65.
11, 59
Let o(w) = -12026*w**2 + 12029*w**2 + 59 + 5*w + 5*w. List the prime factors of o(13).
2, 3, 29
Let v = 189 - 149. Suppose -v*l + 35*l + 855 = 0. What are the prime factors of l?
3, 19
Let b = -9510 + 16520. List the prime factors of b.
2, 5, 701
Let j(f) = -48*f - 1. Let m(n) = n. Let w(r) = j(r) - 5*m(r). Let v be w(-1). Suppose -4*z + 4*i + 160 = 0, 0*z - 5*i = z - v. What are the prime factors of z?
2, 3, 7
Let f(x) = 12 - 6*x + 24*x + 46*x. Let c be f(3). Suppose -2*j - 8 = 0, -5*j + c = 2*z - z. List the prime factors of z.
2, 7
Let m = -939 - -1863. List the prime factors of m.
2, 3, 7, 1